{"id":3777,"date":"2025-11-18T21:16:48","date_gmt":"2025-11-18T21:16:48","guid":{"rendered":"https:\/\/ayuntamientotenangodedoria.gob.mx\/?page_id=3777"},"modified":"2025-11-18T21:26:18","modified_gmt":"2025-11-18T21:26:18","slug":"codigo-de-etica","status":"publish","type":"page","link":"https:\/\/ayuntamientotenangodedoria.gob.mx\/index.php\/codigo-de-etica\/","title":{"rendered":"C\u00f3digo de \u00c9tica"},"content":{"rendered":"\t\t<div data-elementor-type=\"wp-page\" data-elementor-id=\"3777\" class=\"elementor elementor-3777\">\n\t\t\t\t<div class=\"elementor-element elementor-element-aadeafa e-flex e-con-boxed e-con e-parent\" data-id=\"aadeafa\" data-element_type=\"container\" data-e-type=\"container\">\n\t\t\t\t\t<div class=\"e-con-inner\">\n\t\t\t\t<div class=\"elementor-element elementor-element-178d349 elementor-widget elementor-widget-text-editor\" data-id=\"178d349\" data-element_type=\"widget\" data-e-type=\"widget\" data-widget_type=\"text-editor.default\">\n\t\t\t\t<div class=\"elementor-widget-container\">\n\t\t\t\t\t\t\t\t\t<div class=\"Y3BBE\" style=\"text-align: center;\" data-sfc-cp=\"\" data-hveid=\"CAEQAA\" data-processed=\"true\">El C\u00f3digo de \u00c9tica del municipio de Tenango de Doria establece los valores y compromisos de los servidores p\u00fablicos para prevenir conductas indebidas y regir su trato con la ciudadan\u00eda. Se basa en principios como la legalidad, honradez, lealtad, imparcialidad y eficiencia, y exige que los servidores act\u00faen con honestidad, sin obtener provecho personal, evitando favoritismos y siempre atendiendo al inter\u00e9s p\u00fablico y a los derechos humanos.<span class=\"uJ19be notranslate\" data-wiz-uids=\"d3VB0b_a,d3VB0b_b,d3VB0b_c\"><span class=\"vKEkVd\" data-animation-atomic=\"\">\u00a0<button class=\"rBl3me\" tabindex=\"0\" data-amic=\"true\" data-icl-uuid=\"f45ec6ff-11cd-444c-93a1-86ce074bf009\" aria-label=\"Ver v\u00ednculos relacionados\" data-wiz-attrbind=\"disabled=d3VB0b_a_C5gNJc;class=d3VB0b_a_UpSNec;\" data-ved=\"2ahUKEwiyx9XJ0PyQAxUOnWoFHYN_JpcQye0OegQIARAB\"><\/button><\/span><\/span><\/div><div class=\"Fsg96\" data-sfc-cp=\"\" data-processed=\"true\">\u00a0<\/div><div class=\"otQkpb\" role=\"heading\" aria-level=\"3\" data-animation-nesting=\"\" data-sfc-cp=\"\" data-processed=\"true\">Principios fundamentales<button class=\"rBl3me\" tabindex=\"0\" data-amic=\"true\" data-icl-uuid=\"0e457105-f713-4e06-bd57-fc4a5bad9534\" aria-label=\"Ver v\u00ednculos relacionados\" data-wiz-attrbind=\"disabled=d3VB0b_j_C5gNJc;class=d3VB0b_j_UpSNec;\" data-ved=\"2ahUKEwiyx9XJ0PyQAxUOnWoFHYN_JpcQye0OegQIAhAA\" data-processed=\"true\"><\/button><\/div><ul class=\"KsbFXc U6u95\" data-processed=\"true\"><li data-hveid=\"CAMQAA\" data-processed=\"true\"><span class=\"T286Pc\" data-sfc-cp=\"\" data-processed=\"true\"><strong class=\"Yjhzub\" data-processed=\"true\">Legalidad:<\/strong>\u00a0Cumplir con las leyes y normas establecidas.<\/span><\/li><li data-hveid=\"CAMQAQ\" data-processed=\"true\"><span class=\"T286Pc\" data-sfc-cp=\"\" data-processed=\"true\"><strong class=\"Yjhzub\" data-processed=\"true\">Honradez:<\/strong>\u00a0No utilizar el cargo para beneficio personal o de terceros y ser veraz y transparente.<\/span><\/li><li data-hveid=\"CAMQAg\" data-processed=\"true\"><span class=\"T286Pc\" data-sfc-cp=\"\" data-processed=\"true\"><strong class=\"Yjhzub\" data-processed=\"true\">Lealtad:<\/strong>\u00a0Actuar en beneficio del municipio y sus habitantes.<\/span><\/li><li data-hveid=\"CAMQAw\" data-processed=\"true\"><span class=\"T286Pc\" data-sfc-cp=\"\" data-processed=\"true\"><strong class=\"Yjhzub\" data-processed=\"true\">Imparcialidad:<\/strong>\u00a0No conceder privilegios indebidos a ninguna persona u organizaci\u00f3n.<\/span><\/li><li data-hveid=\"CAMQBA\" data-processed=\"true\"><span class=\"T286Pc\" data-sfc-cp=\"\" data-processed=\"true\"><strong class=\"Yjhzub\" data-processed=\"true\">Eficiencia:<\/strong>\u00a0Desempe\u00f1ar las funciones con el mayor cuidado y atenci\u00f3n posible.<\/span><span class=\"uJ19be notranslate\" data-wiz-uids=\"d3VB0b_12,d3VB0b_13,d3VB0b_14\" data-processed=\"true\"><span class=\"vKEkVd\" data-animation-atomic=\"\" data-processed=\"true\">\u00a0<button class=\"rBl3me\" tabindex=\"0\" data-amic=\"true\" data-icl-uuid=\"6ce595d1-497e-4a5a-9fc4-97b35406fa75\" aria-label=\"Ver v\u00ednculos relacionados\" data-wiz-attrbind=\"disabled=d3VB0b_12_C5gNJc;class=d3VB0b_12_UpSNec;\" data-ved=\"2ahUKEwiyx9XJ0PyQAxUOnWoFHYN_JpcQye0OegQIAxAF\" data-processed=\"true\"><\/button><\/span><\/span><\/li><\/ul><div class=\"Fsg96\" data-sfc-cp=\"\" data-processed=\"true\">\u00a0<\/div><div class=\"otQkpb\" role=\"heading\" aria-level=\"3\" data-animation-nesting=\"\" data-sfc-cp=\"\" data-processed=\"true\">Conductas clave<button class=\"rBl3me\" tabindex=\"0\" data-amic=\"true\" data-icl-uuid=\"32b5d877-7082-409c-b3f5-81314f7dd8ed\" aria-label=\"Ver v\u00ednculos relacionados\" data-wiz-attrbind=\"disabled=d3VB0b_1d_C5gNJc;class=d3VB0b_1d_UpSNec;\" data-ved=\"2ahUKEwiyx9XJ0PyQAxUOnWoFHYN_JpcQye0OegQIBBAA\" data-processed=\"true\"><\/button><\/div><ul class=\"KsbFXc U6u95\" data-processed=\"true\"><li style=\"list-style-type: none;\"><ul class=\"KsbFXc U6u95\" data-processed=\"true\"><li data-hveid=\"CAUQAA\" data-processed=\"true\"><span class=\"T286Pc\" data-sfc-cp=\"\" data-processed=\"true\"><strong class=\"Yjhzub\" data-processed=\"true\">Honestidad:<\/strong>\u00a0Atender siempre a la verdad.<\/span><\/li><li data-hveid=\"CAUQAQ\" data-processed=\"true\"><span class=\"T286Pc\" data-sfc-cp=\"\" data-processed=\"true\"><strong class=\"Yjhzub\" data-processed=\"true\">Respeto:<\/strong>\u00a0Mostrar un comportamiento digno y evitar violar los derechos humanos.<\/span><\/li><li data-hveid=\"CAUQAg\" data-processed=\"true\"><span class=\"T286Pc\" data-sfc-cp=\"\" data-processed=\"true\"><strong class=\"Yjhzub\" data-processed=\"true\">Transparencia:<\/strong><span id=\"iKeMcafKOFI66qtsPg_-ZuQk_1\" data-processed=\"true\">\u00a0Presentar declaraciones patrimoniales, fiscales y de intereses con completa veracidad<\/span><span id=\"iKeMcafKOFI66qtsPg_-ZuQk_2\" data-processed=\"true\">.<\/span><\/span><\/li><\/ul><\/li><\/ul><ul><li data-hveid=\"CAUQAw\" data-processed=\"true\"><span class=\"T286Pc\" data-sfc-cp=\"\"><strong class=\"Yjhzub\">Integridad:<\/strong>\u00a0No aceptar compensaciones que comprometan el desempe\u00f1o de su funci\u00f3n.<\/span><\/li><\/ul><ul><li data-hveid=\"CAUQBA\" data-processed=\"true\"><span class=\"T286Pc\" data-sfc-cp=\"\"><strong class=\"Yjhzub\">Cumplimiento:<\/strong>\u00a0Acatar las instrucciones escritas de los superiores para la atenci\u00f3n de asuntos de manera objetiva e imparcial.<\/span><span class=\"uJ19be notranslate\" data-wiz-uids=\"d3VB0b_1w,d3VB0b_1x,d3VB0b_1y\"><span class=\"vKEkVd\" data-animation-atomic=\"\">\u00a0<button class=\"rBl3me\" tabindex=\"0\" data-amic=\"true\" data-icl-uuid=\"24a52af9-190f-4c5a-99e2-ae3a7cb37526\" aria-label=\"Ver v\u00ednculos relacionados\" data-wiz-attrbind=\"disabled=d3VB0b_1w_C5gNJc;class=d3VB0b_1w_UpSNec;\" data-ved=\"2ahUKEwiyx9XJ0PyQAxUOnWoFHYN_JpcQye0OegQIBRAF\"><\/button><\/span><\/span><\/li><\/ul><div class=\"Fsg96\" data-sfc-cp=\"\" data-processed=\"true\">\u00a0<\/div><div class=\"otQkpb\" role=\"heading\" aria-level=\"3\" data-animation-nesting=\"\" data-sfc-cp=\"\" data-processed=\"true\">Responsabilidad<button class=\"rBl3me\" tabindex=\"0\" data-amic=\"true\" data-icl-uuid=\"784932a6-abe9-4162-835d-540a28620a17\" aria-label=\"Ver v\u00ednculos relacionados\" data-wiz-attrbind=\"disabled=d3VB0b_26_C5gNJc;class=d3VB0b_26_UpSNec;\" data-ved=\"2ahUKEwiyx9XJ0PyQAxUOnWoFHYN_JpcQye0OegQIBhAA\"><\/button><\/div><ul class=\"KsbFXc U6u95\" data-processed=\"true\"><li data-hveid=\"CAcQAA\"><span class=\"T286Pc\" data-sfc-cp=\"\">La Contralor\u00eda Municipal es el \u00e1rea encargada de vigilar, dar seguimiento y evaluar el cumplimiento del c\u00f3digo.<\/span><\/li><li data-hveid=\"CAcQAQ\"><span class=\"T286Pc\" data-sfc-cp=\"\">El incumplimiento de las disposiciones del c\u00f3digo puede dar lugar a sanciones conforme a la normatividad vigente.<\/span><span class=\"uJ19be notranslate\" data-wiz-uids=\"d3VB0b_2e,d3VB0b_2f,d3VB0b_2g\"><span class=\"vKEkVd\" data-animation-atomic=\"\">\u00a0<\/span><\/span><\/li><\/ul>\t\t\t\t\t\t\t\t<\/div>\n\t\t\t\t<\/div>\n\t\t\t\t\t<\/div>\n\t\t\t\t<\/div>\n\t\t<div class=\"elementor-element elementor-element-9a60ce0 e-flex e-con-boxed e-con e-parent\" data-id=\"9a60ce0\" data-element_type=\"container\" data-e-type=\"container\">\n\t\t\t\t\t<div class=\"e-con-inner\">\n\t\t\t\t<div class=\"elementor-element elementor-element-7b8eee2 elementor-align-center elementor-widget elementor-widget-button\" data-id=\"7b8eee2\" data-element_type=\"widget\" data-e-type=\"widget\" data-widget_type=\"button.default\">\n\t\t\t\t<div class=\"elementor-widget-container\">\n\t\t\t\t\t\t\t\t\t<div class=\"elementor-button-wrapper\">\n\t\t\t\t\t<a class=\"elementor-button elementor-button-link elementor-size-sm\" href=\"https:\/\/ayuntamientotenangodedoria.gob.mx\/wp-content\/uploads\/2025\/11\/Codigo-de-Etica-Tenango-de-Doria.pdf\">\n\t\t\t\t\t\t<span class=\"elementor-button-content-wrapper\">\n\t\t\t\t\t\t\t\t\t<span class=\"elementor-button-text\">CONOCE NUESTRO C\u00d3DIGO DE ETICA <\/span>\n\t\t\t\t\t<\/span>\n\t\t\t\t\t<\/a>\n\t\t\t\t<\/div>\n\t\t\t\t\t\t\t\t<\/div>\n\t\t\t\t<\/div>\n\t\t\t\t\t<\/div>\n\t\t\t\t<\/div>\n\t\t\t\t<\/div>\n\t\t","protected":false},"excerpt":{"rendered":"<p>El C\u00f3digo de \u00c9tica del municipio de Tenango de Doria establece los valores y compromisos de los servidores p\u00fablicos para prevenir conductas indebidas y regir su trato con la ciudadan\u00eda.&hellip;<\/p>\n","protected":false},"author":2,"featured_media":0,"parent":0,"menu_order":0,"comment_status":"closed","ping_status":"closed","template":"","meta":{"footnotes":""},"class_list":["post-3777","page","type-page","status-publish","hentry"],"yoast_head":"<!-- This site is optimized with the Yoast SEO plugin v27.2 - https:\/\/yoast.com\/product\/yoast-seo-wordpress\/ -->\n<title>C\u00f3digo de \u00c9tica -<\/title>\n<meta name=\"robots\" content=\"index, follow, max-snippet:-1, max-image-preview:large, max-video-preview:-1\" \/>\n<link rel=\"canonical\" href=\"https:\/\/ayuntamientotenangodedoria.gob.mx\/index.php\/codigo-de-etica\/\" \/>\n<meta property=\"og:locale\" content=\"en_US\" \/>\n<meta property=\"og:type\" content=\"article\" \/>\n<meta property=\"og:title\" content=\"C\u00f3digo de \u00c9tica -\" \/>\n<meta property=\"og:description\" content=\"El C\u00f3digo de \u00c9tica del municipio de Tenango de Doria establece los valores y compromisos de los servidores p\u00fablicos para prevenir conductas indebidas y regir su trato con la ciudadan\u00eda.&hellip;\" \/>\n<meta property=\"og:url\" content=\"https:\/\/ayuntamientotenangodedoria.gob.mx\/index.php\/codigo-de-etica\/\" \/>\n<meta property=\"article:modified_time\" content=\"2025-11-18T21:26:18+00:00\" \/>\n<meta name=\"twitter:card\" content=\"summary_large_image\" \/>\n<meta name=\"twitter:label1\" content=\"Est. reading time\" \/>\n\t<meta name=\"twitter:data1\" content=\"1 minute\" \/>\n<script type=\"application\/ld+json\" class=\"yoast-schema-graph\">{\"@context\":\"https:\/\/schema.org\",\"@graph\":[{\"@type\":\"WebPage\",\"@id\":\"https:\/\/ayuntamientotenangodedoria.gob.mx\/index.php\/codigo-de-etica\/\",\"url\":\"https:\/\/ayuntamientotenangodedoria.gob.mx\/index.php\/codigo-de-etica\/\",\"name\":\"C\u00f3digo de \u00c9tica -\",\"isPartOf\":{\"@id\":\"https:\/\/ayuntamientotenangodedoria.gob.mx\/#website\"},\"datePublished\":\"2025-11-18T21:16:48+00:00\",\"dateModified\":\"2025-11-18T21:26:18+00:00\",\"breadcrumb\":{\"@id\":\"https:\/\/ayuntamientotenangodedoria.gob.mx\/index.php\/codigo-de-etica\/#breadcrumb\"},\"inLanguage\":\"en-US\",\"potentialAction\":[{\"@type\":\"ReadAction\",\"target\":[\"https:\/\/ayuntamientotenangodedoria.gob.mx\/index.php\/codigo-de-etica\/\"]}]},{\"@type\":\"BreadcrumbList\",\"@id\":\"https:\/\/ayuntamientotenangodedoria.gob.mx\/index.php\/codigo-de-etica\/#breadcrumb\",\"itemListElement\":[{\"@type\":\"ListItem\",\"position\":1,\"name\":\"Home\",\"item\":\"https:\/\/ayuntamientotenangodedoria.gob.mx\/\"},{\"@type\":\"ListItem\",\"position\":2,\"name\":\"C\u00f3digo de \u00c9tica\"}]},{\"@type\":\"WebSite\",\"@id\":\"https:\/\/ayuntamientotenangodedoria.gob.mx\/#website\",\"url\":\"https:\/\/ayuntamientotenangodedoria.gob.mx\/\",\"name\":\"\",\"description\":\"Transformando con Inclusi\u00f3n e Interculturalidad\",\"potentialAction\":[{\"@type\":\"SearchAction\",\"target\":{\"@type\":\"EntryPoint\",\"urlTemplate\":\"https:\/\/ayuntamientotenangodedoria.gob.mx\/?s={search_term_string}\"},\"query-input\":{\"@type\":\"PropertyValueSpecification\",\"valueRequired\":true,\"valueName\":\"search_term_string\"}}],\"inLanguage\":\"en-US\"}]}<\/script>\n<!-- \/ Yoast SEO plugin. -->","yoast_head_json":{"title":"C\u00f3digo de \u00c9tica -","robots":{"index":"index","follow":"follow","max-snippet":"max-snippet:-1","max-image-preview":"max-image-preview:large","max-video-preview":"max-video-preview:-1"},"canonical":"https:\/\/ayuntamientotenangodedoria.gob.mx\/index.php\/codigo-de-etica\/","og_locale":"en_US","og_type":"article","og_title":"C\u00f3digo de \u00c9tica -","og_description":"El C\u00f3digo de \u00c9tica del municipio de Tenango de Doria establece los valores y compromisos de los servidores p\u00fablicos para prevenir conductas indebidas y regir su trato con la ciudadan\u00eda.&hellip;","og_url":"https:\/\/ayuntamientotenangodedoria.gob.mx\/index.php\/codigo-de-etica\/","article_modified_time":"2025-11-18T21:26:18+00:00","twitter_card":"summary_large_image","twitter_misc":{"Est. reading time":"1 minute"},"schema":{"@context":"https:\/\/schema.org","@graph":[{"@type":"WebPage","@id":"https:\/\/ayuntamientotenangodedoria.gob.mx\/index.php\/codigo-de-etica\/","url":"https:\/\/ayuntamientotenangodedoria.gob.mx\/index.php\/codigo-de-etica\/","name":"C\u00f3digo de \u00c9tica -","isPartOf":{"@id":"https:\/\/ayuntamientotenangodedoria.gob.mx\/#website"},"datePublished":"2025-11-18T21:16:48+00:00","dateModified":"2025-11-18T21:26:18+00:00","breadcrumb":{"@id":"https:\/\/ayuntamientotenangodedoria.gob.mx\/index.php\/codigo-de-etica\/#breadcrumb"},"inLanguage":"en-US","potentialAction":[{"@type":"ReadAction","target":["https:\/\/ayuntamientotenangodedoria.gob.mx\/index.php\/codigo-de-etica\/"]}]},{"@type":"BreadcrumbList","@id":"https:\/\/ayuntamientotenangodedoria.gob.mx\/index.php\/codigo-de-etica\/#breadcrumb","itemListElement":[{"@type":"ListItem","position":1,"name":"Home","item":"https:\/\/ayuntamientotenangodedoria.gob.mx\/"},{"@type":"ListItem","position":2,"name":"C\u00f3digo de \u00c9tica"}]},{"@type":"WebSite","@id":"https:\/\/ayuntamientotenangodedoria.gob.mx\/#website","url":"https:\/\/ayuntamientotenangodedoria.gob.mx\/","name":"","description":"Transformando con Inclusi\u00f3n e Interculturalidad","potentialAction":[{"@type":"SearchAction","target":{"@type":"EntryPoint","urlTemplate":"https:\/\/ayuntamientotenangodedoria.gob.mx\/?s={search_term_string}"},"query-input":{"@type":"PropertyValueSpecification","valueRequired":true,"valueName":"search_term_string"}}],"inLanguage":"en-US"}]}},"_links":{"self":[{"href":"https:\/\/ayuntamientotenangodedoria.gob.mx\/index.php\/wp-json\/wp\/v2\/pages\/3777","targetHints":{"allow":["GET"]}}],"collection":[{"href":"https:\/\/ayuntamientotenangodedoria.gob.mx\/index.php\/wp-json\/wp\/v2\/pages"}],"about":[{"href":"https:\/\/ayuntamientotenangodedoria.gob.mx\/index.php\/wp-json\/wp\/v2\/types\/page"}],"author":[{"embeddable":true,"href":"https:\/\/ayuntamientotenangodedoria.gob.mx\/index.php\/wp-json\/wp\/v2\/users\/2"}],"replies":[{"embeddable":true,"href":"https:\/\/ayuntamientotenangodedoria.gob.mx\/index.php\/wp-json\/wp\/v2\/comments?post=3777"}],"version-history":[{"count":4,"href":"https:\/\/ayuntamientotenangodedoria.gob.mx\/index.php\/wp-json\/wp\/v2\/pages\/3777\/revisions"}],"predecessor-version":[{"id":3789,"href":"https:\/\/ayuntamientotenangodedoria.gob.mx\/index.php\/wp-json\/wp\/v2\/pages\/3777\/revisions\/3789"}],"wp:attachment":[{"href":"https:\/\/ayuntamientotenangodedoria.gob.mx\/index.php\/wp-json\/wp\/v2\/media?parent=3777"}],"curies":[{"name":"wp","href":"https:\/\/api.w.org\/{rel}","templated":true}]}}