{"id":4670,"date":"2026-01-11T04:36:23","date_gmt":"2026-01-11T04:36:23","guid":{"rendered":"https:\/\/ayuntamientotenangodedoria.gob.mx\/?page_id=4670"},"modified":"2026-01-12T18:33:14","modified_gmt":"2026-01-12T18:33:14","slug":"informacion-presupuestaria-2024-3","status":"publish","type":"page","link":"https:\/\/ayuntamientotenangodedoria.gob.mx\/index.php\/informacion-presupuestaria-2024-3\/","title":{"rendered":"INFORMACION PRESUPUESTARIA 2024"},"content":{"rendered":"\t\t<div data-elementor-type=\"wp-page\" data-elementor-id=\"4670\" class=\"elementor elementor-4670\">\n\t\t\t\t<div class=\"elementor-element elementor-element-dbc84b3 e-flex e-con-boxed e-con e-parent\" data-id=\"dbc84b3\" data-element_type=\"container\" data-e-type=\"container\">\n\t\t\t\t\t<div class=\"e-con-inner\">\n\t\t\t\t<div class=\"elementor-element elementor-element-7dc401c elementor-widget elementor-widget-heading\" data-id=\"7dc401c\" data-element_type=\"widget\" data-e-type=\"widget\" data-widget_type=\"heading.default\">\n\t\t\t\t<div class=\"elementor-widget-container\">\n\t\t\t\t\t<h2 class=\"elementor-heading-title elementor-size-default\">INFORMACION PRESUPUESTARIA 2024<\/h2>\t\t\t\t<\/div>\n\t\t\t\t<\/div>\n\t\t\t\t<div class=\"elementor-element elementor-element-62040d2 elementor-widget elementor-widget-text-editor\" data-id=\"62040d2\" data-element_type=\"widget\" data-e-type=\"widget\" data-widget_type=\"text-editor.default\">\n\t\t\t\t<div class=\"elementor-widget-container\">\n\t\t\t\t\t\t\t\t\t<h4 style=\"text-align: center;\"><span style=\"color: #800000;\">Transparencia sobre la Planeaci\u00f3n, Asignaci\u00f3n y Ejercicio de los Recursos P\u00fablicos del Municipio de Tenango de Doria.<\/span><\/h4>\t\t\t\t\t\t\t\t<\/div>\n\t\t\t\t<\/div>\n\t\t\t\t<div class=\"elementor-element elementor-element-814995e elementor-widget elementor-widget-text-editor\" data-id=\"814995e\" data-element_type=\"widget\" data-e-type=\"widget\" data-widget_type=\"text-editor.default\">\n\t\t\t\t<div class=\"elementor-widget-container\">\n\t\t\t\t\t\t\t\t\t<h4 style=\"text-align: center;\">Estos documentos sirven como una herramienta de planificaci\u00f3n y gesti\u00f3n financiera, permitiendo a la administraci\u00f3n municipal asignar recursos, priorizar necesidades y cumplir con sus funciones.<span class=\"pjBG2e\" data-cid=\"4d3ef62e-5148-4c25-ae27-c6701fba4a17\"><span class=\"UV3uM\">\u00a0<\/span><\/span><\/h4>\t\t\t\t\t\t\t\t<\/div>\n\t\t\t\t<\/div>\n\t\t\t\t\t<\/div>\n\t\t\t\t<\/div>\n\t\t<div class=\"elementor-element elementor-element-4b28b81 e-grid e-con-boxed e-con e-parent\" data-id=\"4b28b81\" data-element_type=\"container\" data-e-type=\"container\">\n\t\t\t\t\t<div class=\"e-con-inner\">\n\t\t\t\t<div class=\"elementor-element elementor-element-c40b7b9 elementor-widget elementor-widget-image\" data-id=\"c40b7b9\" data-element_type=\"widget\" data-e-type=\"widget\" data-widget_type=\"image.default\">\n\t\t\t\t<div class=\"elementor-widget-container\">\n\t\t\t\t\t\t\t\t\t\t\t\t\t\t\t\t<a href=\"https:\/\/ayuntamientotenangodedoria.gob.mx\/index.php\/informacion-presupuestaria-1er-trimestre-2024\/\" target=\"_blank\">\n\t\t\t\t\t\t\t<img fetchpriority=\"high\" decoding=\"async\" width=\"637\" height=\"392\" src=\"https:\/\/ayuntamientotenangodedoria.gob.mx\/wp-content\/uploads\/2026\/01\/tri-1-2-2.png\" class=\"elementor-animation-wobble-top attachment-large size-large wp-image-4681\" alt=\"\" srcset=\"https:\/\/ayuntamientotenangodedoria.gob.mx\/wp-content\/uploads\/2026\/01\/tri-1-2-2.png 637w, https:\/\/ayuntamientotenangodedoria.gob.mx\/wp-content\/uploads\/2026\/01\/tri-1-2-2-300x185.png 300w\" sizes=\"(max-width: 637px) 100vw, 637px\" \/>\t\t\t\t\t\t\t\t<\/a>\n\t\t\t\t\t\t\t\t\t\t\t\t\t\t\t<\/div>\n\t\t\t\t<\/div>\n\t\t\t\t<div class=\"elementor-element elementor-element-9c73116 elementor-widget elementor-widget-image\" data-id=\"9c73116\" data-element_type=\"widget\" data-e-type=\"widget\" data-widget_type=\"image.default\">\n\t\t\t\t<div class=\"elementor-widget-container\">\n\t\t\t\t\t\t\t\t\t\t\t\t\t\t\t\t<a href=\"https:\/\/ayuntamientotenangodedoria.gob.mx\/index.php\/informacion-presupuestaria-2do-trimestre-2024\/\" target=\"_blank\">\n\t\t\t\t\t\t\t<img decoding=\"async\" width=\"637\" height=\"392\" src=\"https:\/\/ayuntamientotenangodedoria.gob.mx\/wp-content\/uploads\/2026\/01\/tri-2-1-2-2.png\" class=\"elementor-animation-wobble-top attachment-large size-large wp-image-4682\" alt=\"\" srcset=\"https:\/\/ayuntamientotenangodedoria.gob.mx\/wp-content\/uploads\/2026\/01\/tri-2-1-2-2.png 637w, https:\/\/ayuntamientotenangodedoria.gob.mx\/wp-content\/uploads\/2026\/01\/tri-2-1-2-2-300x185.png 300w\" sizes=\"(max-width: 637px) 100vw, 637px\" \/>\t\t\t\t\t\t\t\t<\/a>\n\t\t\t\t\t\t\t\t\t\t\t\t\t\t\t<\/div>\n\t\t\t\t<\/div>\n\t\t\t\t<div class=\"elementor-element elementor-element-30c81f2 elementor-widget elementor-widget-image\" data-id=\"30c81f2\" data-element_type=\"widget\" data-e-type=\"widget\" data-widget_type=\"image.default\">\n\t\t\t\t<div class=\"elementor-widget-container\">\n\t\t\t\t\t\t\t\t\t\t\t\t\t\t\t\t<a href=\"https:\/\/ayuntamientotenangodedoria.gob.mx\/index.php\/informacion-presupuestaria-3er-trimestre-2024\/\" target=\"_blank\">\n\t\t\t\t\t\t\t<img decoding=\"async\" width=\"600\" height=\"369\" src=\"https:\/\/ayuntamientotenangodedoria.gob.mx\/wp-content\/uploads\/2026\/01\/tri-3-600x369-3-2.png\" class=\"elementor-animation-wobble-top attachment-large size-large wp-image-4683\" alt=\"\" srcset=\"https:\/\/ayuntamientotenangodedoria.gob.mx\/wp-content\/uploads\/2026\/01\/tri-3-600x369-3-2.png 600w, https:\/\/ayuntamientotenangodedoria.gob.mx\/wp-content\/uploads\/2026\/01\/tri-3-600x369-3-2-300x185.png 300w\" sizes=\"(max-width: 600px) 100vw, 600px\" \/>\t\t\t\t\t\t\t\t<\/a>\n\t\t\t\t\t\t\t\t\t\t\t\t\t\t\t<\/div>\n\t\t\t\t<\/div>\n\t\t\t\t<div class=\"elementor-element elementor-element-b2d7520 elementor-widget elementor-widget-image\" data-id=\"b2d7520\" data-element_type=\"widget\" data-e-type=\"widget\" data-widget_type=\"image.default\">\n\t\t\t\t<div class=\"elementor-widget-container\">\n\t\t\t\t\t\t\t\t\t\t\t\t\t\t\t\t<a href=\"https:\/\/ayuntamientotenangodedoria.gob.mx\/index.php\/informacion-presupuestaria-4to-trimestre-2024\/\" target=\"_blank\">\n\t\t\t\t\t\t\t<img loading=\"lazy\" decoding=\"async\" width=\"600\" height=\"369\" src=\"https:\/\/ayuntamientotenangodedoria.gob.mx\/wp-content\/uploads\/2026\/01\/tri-4-600x369-1-2-2.png\" class=\"elementor-animation-wobble-top attachment-large size-large wp-image-4684\" alt=\"\" srcset=\"https:\/\/ayuntamientotenangodedoria.gob.mx\/wp-content\/uploads\/2026\/01\/tri-4-600x369-1-2-2.png 600w, https:\/\/ayuntamientotenangodedoria.gob.mx\/wp-content\/uploads\/2026\/01\/tri-4-600x369-1-2-2-300x185.png 300w\" sizes=\"(max-width: 600px) 100vw, 600px\" \/>\t\t\t\t\t\t\t\t<\/a>\n\t\t\t\t\t\t\t\t\t\t\t\t\t\t\t<\/div>\n\t\t\t\t<\/div>\n\t\t\t\t\t<\/div>\n\t\t\t\t<\/div>\n\t\t\t\t<\/div>\n\t\t","protected":false},"excerpt":{"rendered":"<p>INFORMACION PRESUPUESTARIA 2024 Transparencia sobre la Planeaci\u00f3n, Asignaci\u00f3n y Ejercicio de los Recursos P\u00fablicos del Municipio de Tenango de Doria. Estos documentos sirven como una herramienta de planificaci\u00f3n y gesti\u00f3n&hellip;<\/p>\n","protected":false},"author":2,"featured_media":0,"parent":0,"menu_order":0,"comment_status":"closed","ping_status":"closed","template":"","meta":{"footnotes":""},"class_list":["post-4670","page","type-page","status-publish","hentry"],"yoast_head":"<!-- This site is optimized with the Yoast SEO plugin v27.2 - https:\/\/yoast.com\/product\/yoast-seo-wordpress\/ -->\n<title>INFORMACION PRESUPUESTARIA 2024 -<\/title>\n<meta name=\"robots\" content=\"index, follow, max-snippet:-1, max-image-preview:large, max-video-preview:-1\" \/>\n<link rel=\"canonical\" href=\"https:\/\/ayuntamientotenangodedoria.gob.mx\/index.php\/informacion-presupuestaria-2024-3\/\" \/>\n<meta property=\"og:locale\" content=\"en_US\" \/>\n<meta property=\"og:type\" content=\"article\" \/>\n<meta property=\"og:title\" content=\"INFORMACION PRESUPUESTARIA 2024 -\" \/>\n<meta property=\"og:description\" content=\"INFORMACION PRESUPUESTARIA 2024 Transparencia sobre la Planeaci\u00f3n, Asignaci\u00f3n y Ejercicio de los Recursos P\u00fablicos del Municipio de Tenango de Doria. Estos documentos sirven como una herramienta de planificaci\u00f3n y gesti\u00f3n&hellip;\" \/>\n<meta property=\"og:url\" content=\"https:\/\/ayuntamientotenangodedoria.gob.mx\/index.php\/informacion-presupuestaria-2024-3\/\" \/>\n<meta property=\"article:modified_time\" content=\"2026-01-12T18:33:14+00:00\" \/>\n<meta property=\"og:image\" content=\"https:\/\/ayuntamientotenangodedoria.gob.mx\/wp-content\/uploads\/2026\/01\/tri-1-2-2.png\" \/>\n\t<meta property=\"og:image:width\" content=\"637\" \/>\n\t<meta property=\"og:image:height\" content=\"392\" \/>\n\t<meta property=\"og:image:type\" content=\"image\/png\" \/>\n<meta name=\"twitter:card\" content=\"summary_large_image\" \/>\n<meta name=\"twitter:label1\" content=\"Est. reading time\" \/>\n\t<meta name=\"twitter:data1\" content=\"1 minute\" \/>\n<script type=\"application\/ld+json\" class=\"yoast-schema-graph\">{\"@context\":\"https:\/\/schema.org\",\"@graph\":[{\"@type\":\"WebPage\",\"@id\":\"https:\/\/ayuntamientotenangodedoria.gob.mx\/index.php\/informacion-presupuestaria-2024-3\/\",\"url\":\"https:\/\/ayuntamientotenangodedoria.gob.mx\/index.php\/informacion-presupuestaria-2024-3\/\",\"name\":\"INFORMACION PRESUPUESTARIA 2024 -\",\"isPartOf\":{\"@id\":\"https:\/\/ayuntamientotenangodedoria.gob.mx\/#website\"},\"primaryImageOfPage\":{\"@id\":\"https:\/\/ayuntamientotenangodedoria.gob.mx\/index.php\/informacion-presupuestaria-2024-3\/#primaryimage\"},\"image\":{\"@id\":\"https:\/\/ayuntamientotenangodedoria.gob.mx\/index.php\/informacion-presupuestaria-2024-3\/#primaryimage\"},\"thumbnailUrl\":\"https:\/\/ayuntamientotenangodedoria.gob.mx\/wp-content\/uploads\/2026\/01\/tri-1-2-2.png\",\"datePublished\":\"2026-01-11T04:36:23+00:00\",\"dateModified\":\"2026-01-12T18:33:14+00:00\",\"breadcrumb\":{\"@id\":\"https:\/\/ayuntamientotenangodedoria.gob.mx\/index.php\/informacion-presupuestaria-2024-3\/#breadcrumb\"},\"inLanguage\":\"en-US\",\"potentialAction\":[{\"@type\":\"ReadAction\",\"target\":[\"https:\/\/ayuntamientotenangodedoria.gob.mx\/index.php\/informacion-presupuestaria-2024-3\/\"]}]},{\"@type\":\"ImageObject\",\"inLanguage\":\"en-US\",\"@id\":\"https:\/\/ayuntamientotenangodedoria.gob.mx\/index.php\/informacion-presupuestaria-2024-3\/#primaryimage\",\"url\":\"https:\/\/ayuntamientotenangodedoria.gob.mx\/wp-content\/uploads\/2026\/01\/tri-1-2-2.png\",\"contentUrl\":\"https:\/\/ayuntamientotenangodedoria.gob.mx\/wp-content\/uploads\/2026\/01\/tri-1-2-2.png\",\"width\":637,\"height\":392},{\"@type\":\"BreadcrumbList\",\"@id\":\"https:\/\/ayuntamientotenangodedoria.gob.mx\/index.php\/informacion-presupuestaria-2024-3\/#breadcrumb\",\"itemListElement\":[{\"@type\":\"ListItem\",\"position\":1,\"name\":\"Home\",\"item\":\"https:\/\/ayuntamientotenangodedoria.gob.mx\/\"},{\"@type\":\"ListItem\",\"position\":2,\"name\":\"INFORMACION PRESUPUESTARIA 2024\"}]},{\"@type\":\"WebSite\",\"@id\":\"https:\/\/ayuntamientotenangodedoria.gob.mx\/#website\",\"url\":\"https:\/\/ayuntamientotenangodedoria.gob.mx\/\",\"name\":\"\",\"description\":\"Transformando con Inclusi\u00f3n e Interculturalidad\",\"potentialAction\":[{\"@type\":\"SearchAction\",\"target\":{\"@type\":\"EntryPoint\",\"urlTemplate\":\"https:\/\/ayuntamientotenangodedoria.gob.mx\/?s={search_term_string}\"},\"query-input\":{\"@type\":\"PropertyValueSpecification\",\"valueRequired\":true,\"valueName\":\"search_term_string\"}}],\"inLanguage\":\"en-US\"}]}<\/script>\n<!-- \/ Yoast SEO plugin. -->","yoast_head_json":{"title":"INFORMACION PRESUPUESTARIA 2024 -","robots":{"index":"index","follow":"follow","max-snippet":"max-snippet:-1","max-image-preview":"max-image-preview:large","max-video-preview":"max-video-preview:-1"},"canonical":"https:\/\/ayuntamientotenangodedoria.gob.mx\/index.php\/informacion-presupuestaria-2024-3\/","og_locale":"en_US","og_type":"article","og_title":"INFORMACION PRESUPUESTARIA 2024 -","og_description":"INFORMACION PRESUPUESTARIA 2024 Transparencia sobre la Planeaci\u00f3n, Asignaci\u00f3n y Ejercicio de los Recursos P\u00fablicos del Municipio de Tenango de Doria. Estos documentos sirven como una herramienta de planificaci\u00f3n y gesti\u00f3n&hellip;","og_url":"https:\/\/ayuntamientotenangodedoria.gob.mx\/index.php\/informacion-presupuestaria-2024-3\/","article_modified_time":"2026-01-12T18:33:14+00:00","og_image":[{"width":637,"height":392,"url":"https:\/\/ayuntamientotenangodedoria.gob.mx\/wp-content\/uploads\/2026\/01\/tri-1-2-2.png","type":"image\/png"}],"twitter_card":"summary_large_image","twitter_misc":{"Est. reading time":"1 minute"},"schema":{"@context":"https:\/\/schema.org","@graph":[{"@type":"WebPage","@id":"https:\/\/ayuntamientotenangodedoria.gob.mx\/index.php\/informacion-presupuestaria-2024-3\/","url":"https:\/\/ayuntamientotenangodedoria.gob.mx\/index.php\/informacion-presupuestaria-2024-3\/","name":"INFORMACION PRESUPUESTARIA 2024 -","isPartOf":{"@id":"https:\/\/ayuntamientotenangodedoria.gob.mx\/#website"},"primaryImageOfPage":{"@id":"https:\/\/ayuntamientotenangodedoria.gob.mx\/index.php\/informacion-presupuestaria-2024-3\/#primaryimage"},"image":{"@id":"https:\/\/ayuntamientotenangodedoria.gob.mx\/index.php\/informacion-presupuestaria-2024-3\/#primaryimage"},"thumbnailUrl":"https:\/\/ayuntamientotenangodedoria.gob.mx\/wp-content\/uploads\/2026\/01\/tri-1-2-2.png","datePublished":"2026-01-11T04:36:23+00:00","dateModified":"2026-01-12T18:33:14+00:00","breadcrumb":{"@id":"https:\/\/ayuntamientotenangodedoria.gob.mx\/index.php\/informacion-presupuestaria-2024-3\/#breadcrumb"},"inLanguage":"en-US","potentialAction":[{"@type":"ReadAction","target":["https:\/\/ayuntamientotenangodedoria.gob.mx\/index.php\/informacion-presupuestaria-2024-3\/"]}]},{"@type":"ImageObject","inLanguage":"en-US","@id":"https:\/\/ayuntamientotenangodedoria.gob.mx\/index.php\/informacion-presupuestaria-2024-3\/#primaryimage","url":"https:\/\/ayuntamientotenangodedoria.gob.mx\/wp-content\/uploads\/2026\/01\/tri-1-2-2.png","contentUrl":"https:\/\/ayuntamientotenangodedoria.gob.mx\/wp-content\/uploads\/2026\/01\/tri-1-2-2.png","width":637,"height":392},{"@type":"BreadcrumbList","@id":"https:\/\/ayuntamientotenangodedoria.gob.mx\/index.php\/informacion-presupuestaria-2024-3\/#breadcrumb","itemListElement":[{"@type":"ListItem","position":1,"name":"Home","item":"https:\/\/ayuntamientotenangodedoria.gob.mx\/"},{"@type":"ListItem","position":2,"name":"INFORMACION PRESUPUESTARIA 2024"}]},{"@type":"WebSite","@id":"https:\/\/ayuntamientotenangodedoria.gob.mx\/#website","url":"https:\/\/ayuntamientotenangodedoria.gob.mx\/","name":"","description":"Transformando con Inclusi\u00f3n e Interculturalidad","potentialAction":[{"@type":"SearchAction","target":{"@type":"EntryPoint","urlTemplate":"https:\/\/ayuntamientotenangodedoria.gob.mx\/?s={search_term_string}"},"query-input":{"@type":"PropertyValueSpecification","valueRequired":true,"valueName":"search_term_string"}}],"inLanguage":"en-US"}]}},"_links":{"self":[{"href":"https:\/\/ayuntamientotenangodedoria.gob.mx\/index.php\/wp-json\/wp\/v2\/pages\/4670","targetHints":{"allow":["GET"]}}],"collection":[{"href":"https:\/\/ayuntamientotenangodedoria.gob.mx\/index.php\/wp-json\/wp\/v2\/pages"}],"about":[{"href":"https:\/\/ayuntamientotenangodedoria.gob.mx\/index.php\/wp-json\/wp\/v2\/types\/page"}],"author":[{"embeddable":true,"href":"https:\/\/ayuntamientotenangodedoria.gob.mx\/index.php\/wp-json\/wp\/v2\/users\/2"}],"replies":[{"embeddable":true,"href":"https:\/\/ayuntamientotenangodedoria.gob.mx\/index.php\/wp-json\/wp\/v2\/comments?post=4670"}],"version-history":[{"count":16,"href":"https:\/\/ayuntamientotenangodedoria.gob.mx\/index.php\/wp-json\/wp\/v2\/pages\/4670\/revisions"}],"predecessor-version":[{"id":4778,"href":"https:\/\/ayuntamientotenangodedoria.gob.mx\/index.php\/wp-json\/wp\/v2\/pages\/4670\/revisions\/4778"}],"wp:attachment":[{"href":"https:\/\/ayuntamientotenangodedoria.gob.mx\/index.php\/wp-json\/wp\/v2\/media?parent=4670"}],"curies":[{"name":"wp","href":"https:\/\/api.w.org\/{rel}","templated":true}]}}