{"id":480,"date":"2025-07-24T01:06:11","date_gmt":"2025-07-24T01:06:11","guid":{"rendered":"https:\/\/ayuntamientotenangodedoria.gob.mx\/?page_id=480"},"modified":"2025-09-03T17:48:15","modified_gmt":"2025-09-03T17:48:15","slug":"articulo-70","status":"publish","type":"page","link":"https:\/\/ayuntamientotenangodedoria.gob.mx\/index.php\/articulo-70\/","title":{"rendered":"Art\u00edculo 70"},"content":{"rendered":"\t\t<div data-elementor-type=\"wp-page\" data-elementor-id=\"480\" class=\"elementor elementor-480\">\n\t\t\t\t<div class=\"elementor-element elementor-element-cd159ed e-flex e-con-boxed e-con e-parent\" data-id=\"cd159ed\" data-element_type=\"container\" data-e-type=\"container\">\n\t\t\t\t\t<div class=\"e-con-inner\">\n\t\t\t\t<div class=\"elementor-element elementor-element-b8c6f71 elementor-widget elementor-widget-heading\" data-id=\"b8c6f71\" data-element_type=\"widget\" data-e-type=\"widget\" data-widget_type=\"heading.default\">\n\t\t\t\t<div class=\"elementor-widget-container\">\n\t\t\t\t\t<h2 class=\"elementor-heading-title elementor-size-default\">Art\u00edculo 70<\/h2>\t\t\t\t<\/div>\n\t\t\t\t<\/div>\n\t\t\t\t<div class=\"elementor-element elementor-element-db852f5 elementor-widget elementor-widget-text-editor\" data-id=\"db852f5\" data-element_type=\"widget\" data-e-type=\"widget\" data-widget_type=\"text-editor.default\">\n\t\t\t\t<div class=\"elementor-widget-container\">\n\t\t\t\t\t\t\t\t\t<h5 style=\"text-align: center;\">Adem\u00e1s de lo se\u00f1alado en el art\u00edculo anterior de la presente Ley, los sujetos obligados del Poder Ejecutivo Estatal y Municipales, deber\u00e1n poner a disposici\u00f3n del p\u00fablico y actualizar la siguiente informaci\u00f3n:<\/h5>\t\t\t\t\t\t\t\t<\/div>\n\t\t\t\t<\/div>\n\t\t\t\t<div class=\"elementor-element elementor-element-85bd45c elementor-widget elementor-widget-text-editor\" data-id=\"85bd45c\" data-element_type=\"widget\" data-e-type=\"widget\" data-widget_type=\"text-editor.default\">\n\t\t\t\t<div class=\"elementor-widget-container\">\n\t\t\t\t\t\t\t\t\t<h2><span style=\"color: #800000;\"><span dir=\"auto\" style=\"vertical-align: inherit;\"><span dir=\"auto\" style=\"vertical-align: inherit;\">I. En el caso del Poder Ejecutivo Estatal y los Municipios:<\/span><\/span><\/span><\/h2>\t\t\t\t\t\t\t\t<\/div>\n\t\t\t\t<\/div>\n\t\t\t\t\t<\/div>\n\t\t\t\t<\/div>\n\t\t<div class=\"elementor-element elementor-element-5f9f044 e-grid e-con-boxed e-con e-parent\" data-id=\"5f9f044\" data-element_type=\"container\" data-e-type=\"container\">\n\t\t\t\t\t<div class=\"e-con-inner\">\n\t\t\t\t<div class=\"elementor-element elementor-element-abd092e elementor-widget elementor-widget-image\" data-id=\"abd092e\" data-element_type=\"widget\" data-e-type=\"widget\" data-widget_type=\"image.default\">\n\t\t\t\t<div class=\"elementor-widget-container\">\n\t\t\t\t\t\t\t\t\t\t\t\t\t\t\t\t<a href=\"https:\/\/ayuntamientotenangodedoria.gob.mx\/index.php\/plan-municipal-de-desarrollo\/\" target=\"_blank\">\n\t\t\t\t\t\t\t<img fetchpriority=\"high\" decoding=\"async\" width=\"1024\" height=\"313\" src=\"https:\/\/ayuntamientotenangodedoria.gob.mx\/wp-content\/uploads\/2025\/09\/1A-2-1024x313.png\" class=\"elementor-animation-pulse-grow attachment-large size-large wp-image-2342\" alt=\"\" srcset=\"https:\/\/ayuntamientotenangodedoria.gob.mx\/wp-content\/uploads\/2025\/09\/1A-2-1024x313.png 1024w, https:\/\/ayuntamientotenangodedoria.gob.mx\/wp-content\/uploads\/2025\/09\/1A-2-300x92.png 300w, https:\/\/ayuntamientotenangodedoria.gob.mx\/wp-content\/uploads\/2025\/09\/1A-2-768x234.png 768w, https:\/\/ayuntamientotenangodedoria.gob.mx\/wp-content\/uploads\/2025\/09\/1A-2.png 1461w\" sizes=\"(max-width: 1024px) 100vw, 1024px\" \/>\t\t\t\t\t\t\t\t<\/a>\n\t\t\t\t\t\t\t\t\t\t\t\t\t\t\t<\/div>\n\t\t\t\t<\/div>\n\t\t\t\t<div class=\"elementor-element elementor-element-000e516 elementor-widget elementor-widget-image\" data-id=\"000e516\" data-element_type=\"widget\" data-e-type=\"widget\" data-widget_type=\"image.default\">\n\t\t\t\t<div class=\"elementor-widget-container\">\n\t\t\t\t\t\t\t\t\t\t\t\t\t\t\t\t<a href=\"https:\/\/ayuntamientotenangodedoria.gob.mx\/index.php\/presupuesto-de-egresos\/\" target=\"_blank\">\n\t\t\t\t\t\t\t<img decoding=\"async\" width=\"1024\" height=\"313\" src=\"https:\/\/ayuntamientotenangodedoria.gob.mx\/wp-content\/uploads\/2025\/09\/1B-2-1024x313.png\" class=\"elementor-animation-pulse-grow attachment-large size-large wp-image-2343\" alt=\"\" srcset=\"https:\/\/ayuntamientotenangodedoria.gob.mx\/wp-content\/uploads\/2025\/09\/1B-2-1024x313.png 1024w, https:\/\/ayuntamientotenangodedoria.gob.mx\/wp-content\/uploads\/2025\/09\/1B-2-300x92.png 300w, https:\/\/ayuntamientotenangodedoria.gob.mx\/wp-content\/uploads\/2025\/09\/1B-2-768x234.png 768w, https:\/\/ayuntamientotenangodedoria.gob.mx\/wp-content\/uploads\/2025\/09\/1B-2.png 1461w\" sizes=\"(max-width: 1024px) 100vw, 1024px\" \/>\t\t\t\t\t\t\t\t<\/a>\n\t\t\t\t\t\t\t\t\t\t\t\t\t\t\t<\/div>\n\t\t\t\t<\/div>\n\t\t\t\t<div class=\"elementor-element elementor-element-8660508 elementor-widget elementor-widget-image\" data-id=\"8660508\" data-element_type=\"widget\" data-e-type=\"widget\" data-widget_type=\"image.default\">\n\t\t\t\t<div class=\"elementor-widget-container\">\n\t\t\t\t\t\t\t\t\t\t\t\t\t\t\t\t<a href=\"https:\/\/ayuntamientotenangodedoria.gob.mx\/index.php\/expropiaciones\/\" target=\"_blank\">\n\t\t\t\t\t\t\t<img decoding=\"async\" width=\"1024\" height=\"313\" src=\"https:\/\/ayuntamientotenangodedoria.gob.mx\/wp-content\/uploads\/2025\/09\/1C-1-1024x313.png\" class=\"elementor-animation-pulse-grow attachment-large size-large wp-image-2344\" alt=\"\" srcset=\"https:\/\/ayuntamientotenangodedoria.gob.mx\/wp-content\/uploads\/2025\/09\/1C-1-1024x313.png 1024w, https:\/\/ayuntamientotenangodedoria.gob.mx\/wp-content\/uploads\/2025\/09\/1C-1-300x92.png 300w, https:\/\/ayuntamientotenangodedoria.gob.mx\/wp-content\/uploads\/2025\/09\/1C-1-768x234.png 768w, https:\/\/ayuntamientotenangodedoria.gob.mx\/wp-content\/uploads\/2025\/09\/1C-1.png 1461w\" sizes=\"(max-width: 1024px) 100vw, 1024px\" \/>\t\t\t\t\t\t\t\t<\/a>\n\t\t\t\t\t\t\t\t\t\t\t\t\t\t\t<\/div>\n\t\t\t\t<\/div>\n\t\t\t\t<div class=\"elementor-element elementor-element-dc605c4 elementor-widget elementor-widget-image\" data-id=\"dc605c4\" data-element_type=\"widget\" data-e-type=\"widget\" data-widget_type=\"image.default\">\n\t\t\t\t<div class=\"elementor-widget-container\">\n\t\t\t\t\t\t\t\t\t\t\t\t\t\t\t\t<a href=\"https:\/\/ayuntamientotenangodedoria.gob.mx\/index.php\/creditos\/\" target=\"_blank\">\n\t\t\t\t\t\t\t<img loading=\"lazy\" decoding=\"async\" width=\"1024\" height=\"313\" src=\"https:\/\/ayuntamientotenangodedoria.gob.mx\/wp-content\/uploads\/2025\/09\/1D-1-1024x313.png\" class=\"elementor-animation-pulse-grow attachment-large size-large wp-image-2345\" alt=\"\" srcset=\"https:\/\/ayuntamientotenangodedoria.gob.mx\/wp-content\/uploads\/2025\/09\/1D-1-1024x313.png 1024w, https:\/\/ayuntamientotenangodedoria.gob.mx\/wp-content\/uploads\/2025\/09\/1D-1-300x92.png 300w, https:\/\/ayuntamientotenangodedoria.gob.mx\/wp-content\/uploads\/2025\/09\/1D-1-768x234.png 768w, https:\/\/ayuntamientotenangodedoria.gob.mx\/wp-content\/uploads\/2025\/09\/1D-1.png 1461w\" sizes=\"(max-width: 1024px) 100vw, 1024px\" \/>\t\t\t\t\t\t\t\t<\/a>\n\t\t\t\t\t\t\t\t\t\t\t\t\t\t\t<\/div>\n\t\t\t\t<\/div>\n\t\t\t\t<div class=\"elementor-element elementor-element-204d94e elementor-widget elementor-widget-image\" data-id=\"204d94e\" data-element_type=\"widget\" data-e-type=\"widget\" data-widget_type=\"image.default\">\n\t\t\t\t<div class=\"elementor-widget-container\">\n\t\t\t\t\t\t\t\t\t\t\t\t\t\t\t\t<a href=\"https:\/\/ayuntamientotenangodedoria.gob.mx\/index.php\/notarios-publicos\/\" target=\"_blank\">\n\t\t\t\t\t\t\t<img loading=\"lazy\" decoding=\"async\" width=\"1024\" height=\"313\" src=\"https:\/\/ayuntamientotenangodedoria.gob.mx\/wp-content\/uploads\/2025\/09\/1E-1-1024x313.png\" class=\"elementor-animation-pulse-grow attachment-large size-large wp-image-2346\" alt=\"\" srcset=\"https:\/\/ayuntamientotenangodedoria.gob.mx\/wp-content\/uploads\/2025\/09\/1E-1-1024x313.png 1024w, https:\/\/ayuntamientotenangodedoria.gob.mx\/wp-content\/uploads\/2025\/09\/1E-1-300x92.png 300w, https:\/\/ayuntamientotenangodedoria.gob.mx\/wp-content\/uploads\/2025\/09\/1E-1-768x234.png 768w, https:\/\/ayuntamientotenangodedoria.gob.mx\/wp-content\/uploads\/2025\/09\/1E-1.png 1461w\" sizes=\"(max-width: 1024px) 100vw, 1024px\" \/>\t\t\t\t\t\t\t\t<\/a>\n\t\t\t\t\t\t\t\t\t\t\t\t\t\t\t<\/div>\n\t\t\t\t<\/div>\n\t\t\t\t<div class=\"elementor-element elementor-element-8b9245a elementor-widget elementor-widget-image\" data-id=\"8b9245a\" data-element_type=\"widget\" data-e-type=\"widget\" data-widget_type=\"image.default\">\n\t\t\t\t<div class=\"elementor-widget-container\">\n\t\t\t\t\t\t\t\t\t\t\t\t\t\t\t\t<a href=\"https:\/\/ayuntamientotenangodedoria.gob.mx\/index.php\/plan-de-desarrollo-humano\/\" target=\"_blank\">\n\t\t\t\t\t\t\t<img loading=\"lazy\" decoding=\"async\" width=\"1024\" height=\"313\" src=\"https:\/\/ayuntamientotenangodedoria.gob.mx\/wp-content\/uploads\/2025\/09\/IF-1-1024x313.png\" class=\"elementor-animation-pulse-grow attachment-large size-large wp-image-2347\" alt=\"\" srcset=\"https:\/\/ayuntamientotenangodedoria.gob.mx\/wp-content\/uploads\/2025\/09\/IF-1-1024x313.png 1024w, https:\/\/ayuntamientotenangodedoria.gob.mx\/wp-content\/uploads\/2025\/09\/IF-1-300x92.png 300w, https:\/\/ayuntamientotenangodedoria.gob.mx\/wp-content\/uploads\/2025\/09\/IF-1-768x235.png 768w, https:\/\/ayuntamientotenangodedoria.gob.mx\/wp-content\/uploads\/2025\/09\/IF-1.png 1460w\" sizes=\"(max-width: 1024px) 100vw, 1024px\" \/>\t\t\t\t\t\t\t\t<\/a>\n\t\t\t\t\t\t\t\t\t\t\t\t\t\t\t<\/div>\n\t\t\t\t<\/div>\n\t\t\t\t<div class=\"elementor-element elementor-element-b4442b6 elementor-widget elementor-widget-image\" data-id=\"b4442b6\" data-element_type=\"widget\" data-e-type=\"widget\" data-widget_type=\"image.default\">\n\t\t\t\t<div class=\"elementor-widget-container\">\n\t\t\t\t\t\t\t\t\t\t\t\t\t\t\t\t<a href=\"https:\/\/ayuntamientotenangodedoria.gob.mx\/index.php\/disposiciones-administrativas\/\" target=\"_blank\">\n\t\t\t\t\t\t\t<img loading=\"lazy\" decoding=\"async\" width=\"1024\" height=\"313\" src=\"https:\/\/ayuntamientotenangodedoria.gob.mx\/wp-content\/uploads\/2025\/09\/IG-1024x313.png\" class=\"elementor-animation-pulse-grow attachment-large size-large wp-image-2348\" alt=\"\" srcset=\"https:\/\/ayuntamientotenangodedoria.gob.mx\/wp-content\/uploads\/2025\/09\/IG-1024x313.png 1024w, https:\/\/ayuntamientotenangodedoria.gob.mx\/wp-content\/uploads\/2025\/09\/IG-300x92.png 300w, https:\/\/ayuntamientotenangodedoria.gob.mx\/wp-content\/uploads\/2025\/09\/IG-768x234.png 768w, https:\/\/ayuntamientotenangodedoria.gob.mx\/wp-content\/uploads\/2025\/09\/IG.png 1461w\" sizes=\"(max-width: 1024px) 100vw, 1024px\" \/>\t\t\t\t\t\t\t\t<\/a>\n\t\t\t\t\t\t\t\t\t\t\t\t\t\t\t<\/div>\n\t\t\t\t<\/div>\n\t\t\t\t\t<\/div>\n\t\t\t\t<\/div>\n\t\t<div class=\"elementor-element elementor-element-8f653ac e-flex e-con-boxed e-con e-parent\" data-id=\"8f653ac\" data-element_type=\"container\" data-e-type=\"container\">\n\t\t\t\t\t<div class=\"e-con-inner\">\n\t\t\t\t<div class=\"elementor-element elementor-element-edec270 elementor-widget elementor-widget-heading\" data-id=\"edec270\" data-element_type=\"widget\" data-e-type=\"widget\" data-widget_type=\"heading.default\">\n\t\t\t\t<div class=\"elementor-widget-container\">\n\t\t\t\t\t<h2 class=\"elementor-heading-title elementor-size-default\">II. Adicionalmente, en el caso de los Municipios:\n<\/h2>\t\t\t\t<\/div>\n\t\t\t\t<\/div>\n\t\t\t\t\t<\/div>\n\t\t\t\t<\/div>\n\t\t<div class=\"elementor-element elementor-element-68be4c1 e-grid e-con-boxed e-con e-parent\" data-id=\"68be4c1\" data-element_type=\"container\" data-e-type=\"container\">\n\t\t\t\t\t<div class=\"e-con-inner\">\n\t\t\t\t<div class=\"elementor-element elementor-element-fbbf742 elementor-widget elementor-widget-image\" data-id=\"fbbf742\" data-element_type=\"widget\" data-e-type=\"widget\" data-widget_type=\"image.default\">\n\t\t\t\t<div class=\"elementor-widget-container\">\n\t\t\t\t\t\t\t\t\t\t\t\t\t\t\t\t<a href=\"https:\/\/ayuntamientotenangodedoria.gob.mx\/index.php\/gaceta-municipal\/\" target=\"_blank\">\n\t\t\t\t\t\t\t<img loading=\"lazy\" decoding=\"async\" width=\"1024\" height=\"313\" src=\"https:\/\/ayuntamientotenangodedoria.gob.mx\/wp-content\/uploads\/2025\/09\/2A-1024x313.png\" class=\"elementor-animation-pulse-grow attachment-large size-large wp-image-2433\" alt=\"\" srcset=\"https:\/\/ayuntamientotenangodedoria.gob.mx\/wp-content\/uploads\/2025\/09\/2A-1024x313.png 1024w, https:\/\/ayuntamientotenangodedoria.gob.mx\/wp-content\/uploads\/2025\/09\/2A-300x92.png 300w, https:\/\/ayuntamientotenangodedoria.gob.mx\/wp-content\/uploads\/2025\/09\/2A-768x234.png 768w, https:\/\/ayuntamientotenangodedoria.gob.mx\/wp-content\/uploads\/2025\/09\/2A.png 1461w\" sizes=\"(max-width: 1024px) 100vw, 1024px\" \/>\t\t\t\t\t\t\t\t<\/a>\n\t\t\t\t\t\t\t\t\t\t\t\t\t\t\t<\/div>\n\t\t\t\t<\/div>\n\t\t\t\t<div class=\"elementor-element elementor-element-796cc06 elementor-widget elementor-widget-image\" data-id=\"796cc06\" data-element_type=\"widget\" data-e-type=\"widget\" data-widget_type=\"image.default\">\n\t\t\t\t<div class=\"elementor-widget-container\">\n\t\t\t\t\t\t\t\t\t\t\t\t\t\t\t\t<a href=\"https:\/\/ayuntamientotenangodedoria.gob.mx\/index.php\/actas-de-cabildo\/\">\n\t\t\t\t\t\t\t<img loading=\"lazy\" decoding=\"async\" width=\"1024\" height=\"320\" src=\"https:\/\/ayuntamientotenangodedoria.gob.mx\/wp-content\/uploads\/2025\/09\/2BB-1024x320.png\" class=\"elementor-animation-pulse-grow attachment-large size-large wp-image-2434\" alt=\"\" srcset=\"https:\/\/ayuntamientotenangodedoria.gob.mx\/wp-content\/uploads\/2025\/09\/2BB-1024x320.png 1024w, https:\/\/ayuntamientotenangodedoria.gob.mx\/wp-content\/uploads\/2025\/09\/2BB-300x94.png 300w, https:\/\/ayuntamientotenangodedoria.gob.mx\/wp-content\/uploads\/2025\/09\/2BB-768x240.png 768w, https:\/\/ayuntamientotenangodedoria.gob.mx\/wp-content\/uploads\/2025\/09\/2BB-1536x481.png 1536w, https:\/\/ayuntamientotenangodedoria.gob.mx\/wp-content\/uploads\/2025\/09\/2BB-2048x641.png 2048w\" sizes=\"(max-width: 1024px) 100vw, 1024px\" \/>\t\t\t\t\t\t\t\t<\/a>\n\t\t\t\t\t\t\t\t\t\t\t\t\t\t\t<\/div>\n\t\t\t\t<\/div>\n\t\t\t\t<div class=\"elementor-element elementor-element-74bd1d2 elementor-widget elementor-widget-image\" data-id=\"74bd1d2\" data-element_type=\"widget\" data-e-type=\"widget\" data-widget_type=\"image.default\">\n\t\t\t\t<div class=\"elementor-widget-container\">\n\t\t\t\t\t\t\t\t\t\t\t\t\t\t\t\t<a href=\"https:\/\/ayuntamientotenangodedoria.gob.mx\/index.php\/archivos-digitales\/\" target=\"_blank\">\n\t\t\t\t\t\t\t<img loading=\"lazy\" decoding=\"async\" width=\"1024\" height=\"313\" src=\"https:\/\/ayuntamientotenangodedoria.gob.mx\/wp-content\/uploads\/2025\/09\/2C-1024x313.png\" class=\"elementor-animation-pulse-grow attachment-large size-large wp-image-2435\" alt=\"\" srcset=\"https:\/\/ayuntamientotenangodedoria.gob.mx\/wp-content\/uploads\/2025\/09\/2C-1024x313.png 1024w, https:\/\/ayuntamientotenangodedoria.gob.mx\/wp-content\/uploads\/2025\/09\/2C-300x92.png 300w, https:\/\/ayuntamientotenangodedoria.gob.mx\/wp-content\/uploads\/2025\/09\/2C-768x234.png 768w, https:\/\/ayuntamientotenangodedoria.gob.mx\/wp-content\/uploads\/2025\/09\/2C.png 1461w\" sizes=\"(max-width: 1024px) 100vw, 1024px\" \/>\t\t\t\t\t\t\t\t<\/a>\n\t\t\t\t\t\t\t\t\t\t\t\t\t\t\t<\/div>\n\t\t\t\t<\/div>\n\t\t\t\t\t<\/div>\n\t\t\t\t<\/div>\n\t\t\t\t<\/div>\n\t\t","protected":false},"excerpt":{"rendered":"<p>Art\u00edculo 70 Adem\u00e1s de lo se\u00f1alado en el art\u00edculo anterior de la presente Ley, los sujetos obligados del Poder Ejecutivo Estatal y Municipales, deber\u00e1n poner a disposici\u00f3n del p\u00fablico y&hellip;<\/p>\n","protected":false},"author":2,"featured_media":0,"parent":0,"menu_order":0,"comment_status":"closed","ping_status":"closed","template":"","meta":{"footnotes":""},"class_list":["post-480","page","type-page","status-publish","hentry"],"yoast_head":"<!-- This site is optimized with the Yoast SEO plugin v27.2 - https:\/\/yoast.com\/product\/yoast-seo-wordpress\/ -->\n<title>Art\u00edculo 70 -<\/title>\n<meta name=\"robots\" content=\"index, follow, max-snippet:-1, max-image-preview:large, max-video-preview:-1\" \/>\n<link rel=\"canonical\" href=\"https:\/\/ayuntamientotenangodedoria.gob.mx\/index.php\/articulo-70\/\" \/>\n<meta property=\"og:locale\" content=\"en_US\" \/>\n<meta property=\"og:type\" content=\"article\" \/>\n<meta property=\"og:title\" content=\"Art\u00edculo 70 -\" \/>\n<meta property=\"og:description\" content=\"Art\u00edculo 70 Adem\u00e1s de lo se\u00f1alado en el art\u00edculo anterior de la presente Ley, los sujetos obligados del Poder Ejecutivo Estatal y Municipales, deber\u00e1n poner a disposici\u00f3n del p\u00fablico y&hellip;\" \/>\n<meta property=\"og:url\" content=\"https:\/\/ayuntamientotenangodedoria.gob.mx\/index.php\/articulo-70\/\" \/>\n<meta property=\"article:modified_time\" content=\"2025-09-03T17:48:15+00:00\" \/>\n<meta property=\"og:image\" content=\"https:\/\/ayuntamientotenangodedoria.gob.mx\/wp-content\/uploads\/2025\/09\/1A-2.png\" \/>\n\t<meta property=\"og:image:width\" content=\"1461\" \/>\n\t<meta property=\"og:image:height\" content=\"446\" \/>\n\t<meta property=\"og:image:type\" content=\"image\/png\" \/>\n<meta name=\"twitter:card\" content=\"summary_large_image\" \/>\n<meta name=\"twitter:label1\" content=\"Est. reading time\" \/>\n\t<meta name=\"twitter:data1\" content=\"3 minutes\" \/>\n<script type=\"application\/ld+json\" class=\"yoast-schema-graph\">{\"@context\":\"https:\/\/schema.org\",\"@graph\":[{\"@type\":\"WebPage\",\"@id\":\"https:\/\/ayuntamientotenangodedoria.gob.mx\/index.php\/articulo-70\/\",\"url\":\"https:\/\/ayuntamientotenangodedoria.gob.mx\/index.php\/articulo-70\/\",\"name\":\"Art\u00edculo 70 -\",\"isPartOf\":{\"@id\":\"https:\/\/ayuntamientotenangodedoria.gob.mx\/#website\"},\"primaryImageOfPage\":{\"@id\":\"https:\/\/ayuntamientotenangodedoria.gob.mx\/index.php\/articulo-70\/#primaryimage\"},\"image\":{\"@id\":\"https:\/\/ayuntamientotenangodedoria.gob.mx\/index.php\/articulo-70\/#primaryimage\"},\"thumbnailUrl\":\"https:\/\/ayuntamientotenangodedoria.gob.mx\/wp-content\/uploads\/2025\/09\/1A-2-1024x313.png\",\"datePublished\":\"2025-07-24T01:06:11+00:00\",\"dateModified\":\"2025-09-03T17:48:15+00:00\",\"breadcrumb\":{\"@id\":\"https:\/\/ayuntamientotenangodedoria.gob.mx\/index.php\/articulo-70\/#breadcrumb\"},\"inLanguage\":\"en-US\",\"potentialAction\":[{\"@type\":\"ReadAction\",\"target\":[\"https:\/\/ayuntamientotenangodedoria.gob.mx\/index.php\/articulo-70\/\"]}]},{\"@type\":\"ImageObject\",\"inLanguage\":\"en-US\",\"@id\":\"https:\/\/ayuntamientotenangodedoria.gob.mx\/index.php\/articulo-70\/#primaryimage\",\"url\":\"https:\/\/ayuntamientotenangodedoria.gob.mx\/wp-content\/uploads\/2025\/09\/1A-2.png\",\"contentUrl\":\"https:\/\/ayuntamientotenangodedoria.gob.mx\/wp-content\/uploads\/2025\/09\/1A-2.png\",\"width\":1461,\"height\":446},{\"@type\":\"BreadcrumbList\",\"@id\":\"https:\/\/ayuntamientotenangodedoria.gob.mx\/index.php\/articulo-70\/#breadcrumb\",\"itemListElement\":[{\"@type\":\"ListItem\",\"position\":1,\"name\":\"Home\",\"item\":\"https:\/\/ayuntamientotenangodedoria.gob.mx\/\"},{\"@type\":\"ListItem\",\"position\":2,\"name\":\"Art\u00edculo 70\"}]},{\"@type\":\"WebSite\",\"@id\":\"https:\/\/ayuntamientotenangodedoria.gob.mx\/#website\",\"url\":\"https:\/\/ayuntamientotenangodedoria.gob.mx\/\",\"name\":\"\",\"description\":\"Transformando con Inclusi\u00f3n e Interculturalidad\",\"potentialAction\":[{\"@type\":\"SearchAction\",\"target\":{\"@type\":\"EntryPoint\",\"urlTemplate\":\"https:\/\/ayuntamientotenangodedoria.gob.mx\/?s={search_term_string}\"},\"query-input\":{\"@type\":\"PropertyValueSpecification\",\"valueRequired\":true,\"valueName\":\"search_term_string\"}}],\"inLanguage\":\"en-US\"}]}<\/script>\n<!-- \/ Yoast SEO plugin. -->","yoast_head_json":{"title":"Art\u00edculo 70 -","robots":{"index":"index","follow":"follow","max-snippet":"max-snippet:-1","max-image-preview":"max-image-preview:large","max-video-preview":"max-video-preview:-1"},"canonical":"https:\/\/ayuntamientotenangodedoria.gob.mx\/index.php\/articulo-70\/","og_locale":"en_US","og_type":"article","og_title":"Art\u00edculo 70 -","og_description":"Art\u00edculo 70 Adem\u00e1s de lo se\u00f1alado en el art\u00edculo anterior de la presente Ley, los sujetos obligados del Poder Ejecutivo Estatal y Municipales, deber\u00e1n poner a disposici\u00f3n del p\u00fablico y&hellip;","og_url":"https:\/\/ayuntamientotenangodedoria.gob.mx\/index.php\/articulo-70\/","article_modified_time":"2025-09-03T17:48:15+00:00","og_image":[{"width":1461,"height":446,"url":"https:\/\/ayuntamientotenangodedoria.gob.mx\/wp-content\/uploads\/2025\/09\/1A-2.png","type":"image\/png"}],"twitter_card":"summary_large_image","twitter_misc":{"Est. reading time":"3 minutes"},"schema":{"@context":"https:\/\/schema.org","@graph":[{"@type":"WebPage","@id":"https:\/\/ayuntamientotenangodedoria.gob.mx\/index.php\/articulo-70\/","url":"https:\/\/ayuntamientotenangodedoria.gob.mx\/index.php\/articulo-70\/","name":"Art\u00edculo 70 -","isPartOf":{"@id":"https:\/\/ayuntamientotenangodedoria.gob.mx\/#website"},"primaryImageOfPage":{"@id":"https:\/\/ayuntamientotenangodedoria.gob.mx\/index.php\/articulo-70\/#primaryimage"},"image":{"@id":"https:\/\/ayuntamientotenangodedoria.gob.mx\/index.php\/articulo-70\/#primaryimage"},"thumbnailUrl":"https:\/\/ayuntamientotenangodedoria.gob.mx\/wp-content\/uploads\/2025\/09\/1A-2-1024x313.png","datePublished":"2025-07-24T01:06:11+00:00","dateModified":"2025-09-03T17:48:15+00:00","breadcrumb":{"@id":"https:\/\/ayuntamientotenangodedoria.gob.mx\/index.php\/articulo-70\/#breadcrumb"},"inLanguage":"en-US","potentialAction":[{"@type":"ReadAction","target":["https:\/\/ayuntamientotenangodedoria.gob.mx\/index.php\/articulo-70\/"]}]},{"@type":"ImageObject","inLanguage":"en-US","@id":"https:\/\/ayuntamientotenangodedoria.gob.mx\/index.php\/articulo-70\/#primaryimage","url":"https:\/\/ayuntamientotenangodedoria.gob.mx\/wp-content\/uploads\/2025\/09\/1A-2.png","contentUrl":"https:\/\/ayuntamientotenangodedoria.gob.mx\/wp-content\/uploads\/2025\/09\/1A-2.png","width":1461,"height":446},{"@type":"BreadcrumbList","@id":"https:\/\/ayuntamientotenangodedoria.gob.mx\/index.php\/articulo-70\/#breadcrumb","itemListElement":[{"@type":"ListItem","position":1,"name":"Home","item":"https:\/\/ayuntamientotenangodedoria.gob.mx\/"},{"@type":"ListItem","position":2,"name":"Art\u00edculo 70"}]},{"@type":"WebSite","@id":"https:\/\/ayuntamientotenangodedoria.gob.mx\/#website","url":"https:\/\/ayuntamientotenangodedoria.gob.mx\/","name":"","description":"Transformando con Inclusi\u00f3n e Interculturalidad","potentialAction":[{"@type":"SearchAction","target":{"@type":"EntryPoint","urlTemplate":"https:\/\/ayuntamientotenangodedoria.gob.mx\/?s={search_term_string}"},"query-input":{"@type":"PropertyValueSpecification","valueRequired":true,"valueName":"search_term_string"}}],"inLanguage":"en-US"}]}},"_links":{"self":[{"href":"https:\/\/ayuntamientotenangodedoria.gob.mx\/index.php\/wp-json\/wp\/v2\/pages\/480","targetHints":{"allow":["GET"]}}],"collection":[{"href":"https:\/\/ayuntamientotenangodedoria.gob.mx\/index.php\/wp-json\/wp\/v2\/pages"}],"about":[{"href":"https:\/\/ayuntamientotenangodedoria.gob.mx\/index.php\/wp-json\/wp\/v2\/types\/page"}],"author":[{"embeddable":true,"href":"https:\/\/ayuntamientotenangodedoria.gob.mx\/index.php\/wp-json\/wp\/v2\/users\/2"}],"replies":[{"embeddable":true,"href":"https:\/\/ayuntamientotenangodedoria.gob.mx\/index.php\/wp-json\/wp\/v2\/comments?post=480"}],"version-history":[{"count":31,"href":"https:\/\/ayuntamientotenangodedoria.gob.mx\/index.php\/wp-json\/wp\/v2\/pages\/480\/revisions"}],"predecessor-version":[{"id":2498,"href":"https:\/\/ayuntamientotenangodedoria.gob.mx\/index.php\/wp-json\/wp\/v2\/pages\/480\/revisions\/2498"}],"wp:attachment":[{"href":"https:\/\/ayuntamientotenangodedoria.gob.mx\/index.php\/wp-json\/wp\/v2\/media?parent=480"}],"curies":[{"name":"wp","href":"https:\/\/api.w.org\/{rel}","templated":true}]}}